divide 251965506?
False
Does 16 divide 492761024?
True
Is 510399556 a multiple of 502?
False
Is 6 a factor of 13601328?
True
Is 29 a factor of 137031467?
True
Is 27247084 a multiple of 7?
False
Does 24 divide 6677700?
False
Does 170 divide 18942861?
False
Is 39 a factor of 4430839?
False
Does 117 divide 733256667?
True
Is 287368500 a multiple of 5?
True
Does 5101 divide 193760076?
False
Is 34154837 a multiple of 29?
True
Is 149 a factor of 1796315409?
False
Does 3152 divide 39998880?
True
Is 216713161 a multiple of 491?
True
Does 1225 divide 110853353?
False
Is 659444559 a multiple of 185?
False
Is 329637052 a multiple of 134?
True
Is 791 a factor of 40798989?
True
Does 69 divide 47366193?
False
Is 10 a factor of 4076310?
True
Is 77366900 a multiple of 50?
True
Does 117 divide 241193826?
False
Is 212 a factor of 3393696?
True
Is 10594570 a multiple of 614?
True
Is 379131396 a multiple of 12?
True
Is 1153 a factor of 1022185945?
False
Is 7 a factor of 4248260?
False
Is 257734946 a multiple of 32?
False
Is 363 a factor of 166864943?
False
Is 11 a factor of 314190052?
True
Does 27 divide 10977930?
True
Is 6 a factor of 782819544?
True
Is 789 a factor of 3926064?
True
Is 55 a factor of 21566229?
False
Does 1641 divide 885444408?
False
Is 1126891883 a multiple of 266?
False
Is 123070112 a multiple of 635?
False
Does 43 divide 35956173?
False
Is 128 a factor of 1071547136?
True
Is 535694502 a multiple of 13?
False
Is 1321958279 a multiple of 4685?
False
Is 1390 a factor of 619533860?
False
Is 11 a factor of 1420551?
True
Is 16904616 a multiple of 2938?
False
Is 203 a factor of 3399093712?
True
Does 1826 divide 45175240?
True
Does 323 divide 180906516?
False
Is 3389546 a multiple of 214?
True
Is 2577850 a multiple of 16?
False
Does 2167 divide 14375878?
True
Is 785 a factor of 1027436773?
False
Does 20 divide 2742816752?
False
Is 45045393 a multiple of 3121?
True
Does 9 divide 113506884?
True
Is 156 a factor of 9115704?
True
Is 63 a factor of 10588965?
False
Does 279 divide 564489542?
False
Does 7 divide 8990989?
True
Is 1711344153 a multiple of 217?
False
Is 26 a factor of 3254672?
False
Is 123548975 a multiple of 11?
True
Is 1309533256 a multiple of 1872?
False
Is 216495570 a multiple of 15?
True
Does 193 divide 979526531?
True
Is 30 a factor of 52774380?
True
Is 428827608 a multiple of 264?
True
Is 12778088 a multiple of 194?
False
Is 594 a factor of 242279532?
True
Does 82 divide 107278919?
False
Is 610539059 a multiple of 4301?
False
Does 921 divide 128610608?
False
Is 9545492 a multiple of 1298?
True
Is 1567 a factor of 2239509121?
False
Is 405 a factor of 89975545?
False
Does 4 divide 20514138?
False
Is 123 a factor of 62752509?
True
Does 166 divide 71610242?
True
Is 207 a factor of 1081475433?
True
Is 52225848 a multiple of 1620?
False
Does 115 divide 1977960440?
True
Is 478615069 a multiple of 2363?
False
Does 8 divide 1501795144?
True
Does 233 divide 28553684?
True
Does 15 divide 4998720?
True
Is 46 a factor of 36726354?
True
Is 9 a factor of 20247300?
True
Does 2925 divide 71919978?
False
Is 252529965 a multiple of 2280?
False
Is 28143881 a multiple of 36?
False
Is 265182948 a multiple of 18?
True
Is 7829391 a multiple of 29?
True
Is 36 a factor of 395243268?
False
Does 6 divide 44014116?
True
Is 3623 a factor of 177530623?
True
Is 22 a factor of 41704080?
True
Is 3852123324 a multiple of 5565?
False
Is 180487976 a multiple of 853?
True
Is 299143561 a multiple of 25?
False
Is 78 a factor of 64230316?
False
Is 905 a factor of 358716660?
True
Is 1901970 a multiple of 30?
True
Is 2478237820 a multiple of 5778?
False
Is 270 a factor of 1003204062?
False
Does 703 divide 2285891672?
True
Is 1823 a factor of 304676167?
True
Is 14659212 a multiple of 489?
False
Is 61 a factor of 106065983?
False
Does 4 divide 513213094?
False
Is 93920352 a multiple of 2?
True
Is 1678 a factor of 3071357504?
True
Is 95761200 a multiple of 48?
True
Is 48 a factor of 129173760?
True
Is 22 a factor of 1194035890?
False
Is 180670037 a multiple of 27?
False
Is 1327250316 a multiple of 31?
False
Is 498709785 a multiple of 8995?
True
Is 5065701 a multiple of 43?
True
Is 1292025 a multiple of 535?
True
Is 26 a factor of 237373266?
True
Does 44 divide 631524629?
False
Is 78549180 a multiple of 102?
True
Is 2275780890 a multiple of 1226?
True
Does 162 divide 12361248?
True
Does 33 divide 465379181?
False
Does 1950 divide 988794300?
True
Is 8 a factor of 2397035344?
True
Is 172 a factor of 18029351?
False
Is 9 a factor of 118148319?
True
Is 23779259 a multiple of 81?
False
Does 273 divide 34896225?
True
Does 7 divide 257076911?
True
Is 3817856530 a multiple of 1430?
False
Does 296 divide 38076124?
False
Does 6 divide 30129051?
False
Is 58106396 a multiple of 2831?
False
Is 499453232 a multiple of 2276?
False
Does 522 divide 28581588?
True
Does 58 divide 8727625?
False
Is 152 a factor of 5441819336?
True
Is 177 a factor of 5091235434?
True
Is 8 a factor of 88729371?
False
Does 71 divide 411924448?
False
Is 25 a factor of 1539315?
False
Is 1057254 a multiple of 11?
True
Is 6 a factor of 118555638?
True
Is 707 a factor of 44831235?
False
Is 270009247 a multiple of 48?
False
Is 141 a factor of 27375868?
False
Is 101 a factor of 287308076?
False
Is 27 a factor of 73963395?
True
Does 399 divide 342543572?
False
Is 73003014 a multiple of 42?
True
Is 76025642 a multiple of 14?
True
Is 1286 a factor of 541022028?
False
Does 111 divide 37572168?
True
Does 3 divide 35191484?
False
Is 110241609 a multiple of 56?
False
Does 17 divide 17531839?
False
Is 596 a factor of 29064536?
True
Is 1663 a factor of 85718281?
False
Does 489 divide 2745374494?
False
Is 76391635 a multiple of 22?
False
Is 752826471 a multiple of 3217?
False
Is 1739920 a multiple of 112?
True
Is 1900 a factor of 318692700?
True
Is 514895172 a multiple of 484?
True
Is 190 a factor of 475472150?
True
Is 6 a factor of 96548898?
True
Is 4 a factor of 24851080?
True
Does 1823 divide 1636350322?
True
Is 413998986 a multiple of 62?
True
Does 116 divide 4048661348?
True
Does 263 divide 5375457?
True
Is 1345190210 a multiple of 70?
True
Is 9246747 a multiple of 403?
False
Does 256 divide 21557248?
True
Is 7 a factor of 51845059?
True
Does 5966 divide 191049463?
False
Does 24 divide 4317329136?
True
Is 334568 a multiple of 176?
False
Is 30 a factor of 15540939?
False
Is 226697380 a multiple of 289?
True
Is 234 a factor of 189711279?
False
Is 692 a factor of 739561160?
True
Does 106 divide 744980323?
False
Is 891987074 a multiple of 941?
True
Is 216607208 a multiple of 376?
True
Is 27 a factor of 163235200?
False
Is 381 a factor of 8416313?
False
Does 31 divide 250046?
True
Is 17416500 a multiple of 1275?
True
Is 70655055 a multiple of 745?
True
Does 209 divide 478339345?
True
Does 74 divide 30361631?
False
Is 4590280 a multiple of 436?
False
Does 40 divide 17122640?
True
Does 237 divide 682291242?
True
Does 439 divide 162827295?
True
Does 5490 divide 104826060?
True
Does 2005 divide 41623800?
True
Is 100 a factor of 109540200?
True
Does 20 divide 419342204?
False
Does 10 divide 64687921?
False
Is 19752352 a multiple of 1052?
True
Is 80636652 a multiple of 12?
True
Is 8 a factor of 804560555?
False
Does 18 divide 130950702?
True
Is 3646481076 a multiple of 28?
True
Does 41 divide 772562617?
False
Is 7 a factor of 88239839?
False
Is 14 a factor of 33097619?
False
Does 215 divide 441645173?
False
Is 4865 a factor of 4121141500?
True
Does 58 divide 2797464?
False
Is 18 a factor of 26605073?
False
Is 131942768 a multiple of 804?
False
Is 114913188 a multiple of 702?
True
Does 21 divide 76292475?
True
Is 239417077 a multiple of 70?
False
Is 2442 a factor of 667675098?
False
Is 8336943 a multiple of 171?
False
Is 572113813 a multiple of 25?
False
Does 2002 divide 408160352?
False
Does 11 divide 34224587?
False
Does 3 divide 43790432?
False
Is 472 a factor of 165383136?
True
Is 1506 a factor of 118961952?
True
Is 50986962 a multiple of 6?
True
Does 13 divide 163695727?
True
Does 8 divide 761463288?
True
Does 157 divide 24491622?
False
Does 41 divide 1407873867?
True
Is 1212836566 a multiple of 81?
False
Is 72 a factor of 4375372752?
True
Is 1775718392 a multiple of 79?
True
Is 110 a factor of 35097458?
False
Is 1251453745 a multiple o